{"id":2360,"date":"2024-10-14T08:31:48","date_gmt":"2024-10-14T06:31:48","guid":{"rendered":"https:\/\/www.warmix-detektyw.pl\/sklep\/?post_type=product&#038;p=2360"},"modified":"2025-09-02T10:57:19","modified_gmt":"2025-09-02T08:57:19","slug":"ukryta-kamera-szpiegowska-ineotronic-avada-k1-czujnik-ruchu","status":"publish","type":"product","link":"https:\/\/www.warmix-detektyw.pl\/sklep\/produkt\/ukryta-kamera-szpiegowska-ineotronic-avada-k1-czujnik-ruchu\/","title":{"rendered":"Ukryta Kamera Szpiegowska Ineotronic Avada K1 Czujnik Ruchu"},"content":{"rendered":"<p>&nbsp;<\/p>\n<h2>Technologia dla Twojego bezpiecze\u0144stwa<\/h2>\n<p>Ukryta kamera Avada K1 w klasycznym od\u015bwie\u017caczu powietrza to niezwykle dyskretne urz\u0105dzenie do monitorowania mieszkania, biura czy magazynu. Atrapa od\u015bwie\u017cacza idealnie maskuje si\u0119 w pomieszczeniach, stworzona zosta\u0142a na podstawie obudowy AirWick, co czyni j\u0105 idealnym rozwi\u0105zaniem do rejestrowania wideo w jako\u015bci Full HD.<\/p>\n<h2>Doskona\u0142e ukrycie kamery<\/h2>\n<p>Kamera Avada K1 przypomina zwyczajny od\u015bwie\u017cacz powietrza, a obiektyw jest niesamowicie dobrze ukryty. Stworzona z my\u015bl\u0105 o bezpiecze\u0144stwie w Twoim domu lub w pracy.<\/p>\n<p><strong>\u2713 Pe\u0142na dyskrecja u\u017cytkowania<\/strong><\/p>\n<h2>Wygodne sterowanie pilotem<\/h2>\n<p>Sterowanie funkcjami kamery wykonuje si\u0119 w \u0142atwy spos\u00f3b za pomoc\u0105 pilota radiowego. Umo\u017cliwia to wyb\u00f3r trybu nawet z 5 m. Wybierz opcj\u0119 rejestracji ci\u0105g\u0142ej, detekcji ruchu lub wykonaj zdj\u0119cie przy u\u017cyciu przycisk\u00f3w na pilocie.<\/p>\n<p><strong>\u2713 Steruj za pomoc\u0105 pilota<\/strong><\/p>\n<h2>D\u0142ugi czas pracy<\/h2>\n<p>Zastosowana bateria akumulatorowa zapewnia d\u0142ugi czas pracy, do ok. 5 dni. Umo\u017cliwia d\u0142ug\u0105 rejestracj\u0119 w trybie detekcji ruchu lub w trybie ci\u0105g\u0142ym. Kamera posiada p\u0119tl\u0119 zapisu, co pozwala zast\u0105pi\u0107 stare pliki nowymi po zako\u0144czeniu pami\u0119ci microSD.<\/p>\n<p><strong>\u2713 Czas pracy do 5 dni<\/strong><\/p>\n<h2>Detekcja ruchu<\/h2>\n<p>Dzi\u0119ki unikatowej opcji detekcji ruchu mo\u017cliwe jest zmniejszenie miejsca na karcie pami\u0119ci. Po wykryciu ruchu nagrywanie rozpocznie si\u0119 i zako\u0144czy automatycznie. Kamera ma mo\u017cliwo\u015b\u0107 wysy\u0142ania powiadomie\u0144 o wykryciu ruchu na telefon kom\u00f3rkowy.<\/p>\n<p><strong>\u2713 Nagrywa na kart\u0119 pami\u0119ci w momencie wykrycia ruchu<\/strong><\/p>\n<h2>Dane techniczne:<\/h2>\n<table style=\"width: 100%; border-collapse: collapse;\" border=\"1\" cellspacing=\"0\" cellpadding=\"5\">\n<thead>\n<tr>\n<th>Parametr<\/th>\n<th>Specyfikacja<\/th>\n<\/tr>\n<\/thead>\n<tbody>\n<tr>\n<td>Rozdzielczo\u015b\u0107 wideo<\/td>\n<td>1920\u00d71080 FHD<\/td>\n<\/tr>\n<tr>\n<td>Format wideo<\/td>\n<td>AVI<\/td>\n<\/tr>\n<tr>\n<td>Pr\u0119dko\u015b\u0107 zapisu<\/td>\n<td>28 klatek\/s<\/td>\n<\/tr>\n<tr>\n<td>Rozdzielczo\u015b\u0107 zdj\u0119\u0107<\/td>\n<td>4032x3024px<\/td>\n<\/tr>\n<tr>\n<td>Czas pracy na akumulatorze<\/td>\n<td>ok. 5 dni<\/td>\n<\/tr>\n<tr>\n<td>K\u0105t widzenia<\/td>\n<td>90 stopni<\/td>\n<\/tr>\n<tr>\n<td>Obs\u0142uga kart pami\u0119ci<\/td>\n<td>MicroSD od 8 do 32 GB<\/td>\n<\/tr>\n<tr>\n<td>Pojemno\u015b\u0107 akumulatora<\/td>\n<td>30000 mAh<\/td>\n<\/tr>\n<tr>\n<td>\u0141adowanie<\/td>\n<td>gniazdo USB 5V<\/td>\n<\/tr>\n<tr>\n<td>WIFI<\/td>\n<td>Nie<\/td>\n<\/tr>\n<tr>\n<td>Detekcja ruchu<\/td>\n<td>Tak<\/td>\n<\/tr>\n<tr>\n<td>Tryb nocny (diody IR)<\/td>\n<td>Nie<\/td>\n<\/tr>\n<tr>\n<td>Wymiary<\/td>\n<td>19,5 cm x 8,1 cm<\/td>\n<\/tr>\n<tr>\n<td>Gwarancja<\/td>\n<td>24 miesi\u0105ce (Paragon), 12 miesi\u0119cy (Faktura VAT)<\/td>\n<\/tr>\n<tr>\n<td>Instrukcja obs\u0142ugi<\/td>\n<td>pe\u0142na w j\u0119zyku polskim<\/td>\n<\/tr>\n<\/tbody>\n<\/table>\n","protected":false},"excerpt":{"rendered":"<p>Kamera Avada K1 w od\u015bwie\u017caczu powietrza to dyskretne urz\u0105dzenie do monitorowania. Oferuje wysok\u0105 jako\u015b\u0107 wideo, detekcj\u0119 ruchu, d\u0142ugi czas pracy oraz \u0142atwe sterowanie pilotem.<\/p>\n","protected":false},"featured_media":2434,"comment_status":"open","ping_status":"closed","template":"","meta":[],"product_brand":[],"product_cat":[32,33],"product_tag":[],"class_list":{"0":"post-2360","1":"product","2":"type-product","3":"status-publish","4":"has-post-thumbnail","6":"product_cat-kamery","7":"product_cat-kamery-zamaskowane","9":"first","10":"outofstock","11":"taxable","12":"shipping-taxable","13":"purchasable","14":"product-type-simple"},"_links":{"self":[{"href":"https:\/\/www.warmix-detektyw.pl\/sklep\/wp-json\/wp\/v2\/product\/2360","targetHints":{"allow":["GET"]}}],"collection":[{"href":"https:\/\/www.warmix-detektyw.pl\/sklep\/wp-json\/wp\/v2\/product"}],"about":[{"href":"https:\/\/www.warmix-detektyw.pl\/sklep\/wp-json\/wp\/v2\/types\/product"}],"replies":[{"embeddable":true,"href":"https:\/\/www.warmix-detektyw.pl\/sklep\/wp-json\/wp\/v2\/comments?post=2360"}],"wp:featuredmedia":[{"embeddable":true,"href":"https:\/\/www.warmix-detektyw.pl\/sklep\/wp-json\/wp\/v2\/media\/2434"}],"wp:attachment":[{"href":"https:\/\/www.warmix-detektyw.pl\/sklep\/wp-json\/wp\/v2\/media?parent=2360"}],"wp:term":[{"taxonomy":"product_brand","embeddable":true,"href":"https:\/\/www.warmix-detektyw.pl\/sklep\/wp-json\/wp\/v2\/product_brand?post=2360"},{"taxonomy":"product_cat","embeddable":true,"href":"https:\/\/www.warmix-detektyw.pl\/sklep\/wp-json\/wp\/v2\/product_cat?post=2360"},{"taxonomy":"product_tag","embeddable":true,"href":"https:\/\/www.warmix-detektyw.pl\/sklep\/wp-json\/wp\/v2\/product_tag?post=2360"}],"curies":[{"name":"wp","href":"https:\/\/api.w.org\/{rel}","templated":true}]}}