{"id":2597,"date":"2024-10-14T08:34:49","date_gmt":"2024-10-14T06:34:49","guid":{"rendered":"https:\/\/www.warmix-detektyw.pl\/sklep\/?post_type=product&#038;p=2597"},"modified":"2025-09-12T08:42:14","modified_gmt":"2025-09-12T06:42:14","slug":"ukryty-podsluch-na-odleglosc-astra-spyhome-l3b-wifi-listwa-z-nagrywaniem","status":"publish","type":"product","link":"https:\/\/www.warmix-detektyw.pl\/sklep\/produkt\/ukryty-podsluch-na-odleglosc-astra-spyhome-l3b-wifi-listwa-z-nagrywaniem\/","title":{"rendered":"Ukryty Pods\u0142uch Na Odleg\u0142o\u015b\u0107 Astra SpyHome L3B WIFI Listwa Z Nagrywaniem"},"content":{"rendered":"<h2><strong>WYKORZYSTAJ W DOMU LUB BIURZE<\/strong><\/h2>\n<p><strong>Pods\u0142uch Wi-Fi z dyktafonem SpyHome Pro<\/strong> w formie bia\u0142ej listwy przed\u0142u\u017caj\u0105cej to innowacyjne i <strong>dyskretne rozwi\u0105zanie<\/strong>, kt\u00f3re \u0142\u0105czy funkcj\u0119 <strong>zdalnego nas\u0142uchu przez Wi-Fi<\/strong> oraz <strong>nagrywania d\u017awi\u0119ku<\/strong> na wbudowanej pami\u0119ci 32GB.<\/p>\n<p><strong>Rejestruj rozmowy w wysokiej jako\u015bci.<\/strong> Mikrofon ma zasi\u0119g do <strong>10 m<\/strong>, co czyni go idealnym do u\u017cycia w <strong>mieszkaniu<\/strong> lub <strong>biurze<\/strong>. Wymaga jedynie po\u0142\u0105czenia z aplikacj\u0105 przez Wi-Fi. Jego unikalny design umo\u017cliwia <strong>\u0142atwe ukrycie sprz\u0119tu<\/strong>, a jednocze\u015bnie jest to <strong>funkcjonalna listwa przed\u0142u\u017caj\u0105ca<\/strong>.<\/p>\n<h2><strong>IDEALNE DO WIELU MIEJSC, NAS\u0141UCHUJ NA \u017bYWO, ZOBACZ FILM Z KONFIGURACJI<\/strong><\/h2>\n<p><strong>Film z konfiguracji<\/strong>: <a href=\"https:\/\/www.youtube.com\/watch?v=6QT3cB0X2AY\" target=\"_blank\" rel=\"noopener\">Zobacz film<\/a><\/p>\n<h2><strong>DYSKRETNY MIKROFON NAS\u0141UCHOWY<\/strong><\/h2>\n<p><strong>Pods\u0142uch SpyHome Pro<\/strong> oferuje <strong>nas\u0142uchiwanie d\u017awi\u0119ku w czasie rzeczywistym<\/strong> przez aplikacj\u0119 oraz <strong>nagrywanie g\u0142osu w trzech trybach<\/strong>. Domy\u015blnym trybem jest <strong>nas\u0142uch na \u017cywo<\/strong> oraz <strong>ci\u0105g\u0142e nagrywanie<\/strong>, co zapewnia <strong>rejestracj\u0119 ka\u017cdego d\u017awi\u0119ku<\/strong>. Ca\u0142kowicie <strong>niewidoczny mikrofon<\/strong>, ukryty od spodu listwy, umo\u017cliwia nas\u0142uch do <strong>10 m<\/strong>, w zale\u017cno\u015bci od warunk\u00f3w.<\/p>\n<h3><strong>\u2713 Dyskretnie ukryty mikrofon<\/strong><\/h3>\n<h2><strong>UNIKALNA DETEKCJA G\u0141OSU, NIE NAGRYWA CISZY<\/strong><\/h2>\n<p><strong>Listwa SpyHome PRO<\/strong> umo\u017cliwia ustawienie <strong>dw\u00f3ch opcji detekcji d\u017awi\u0119ku<\/strong>: nas\u0142uchu w trybie ci\u0105g\u0142ym oraz nagrywania tylko w momencie wykrycia d\u017awi\u0119ku. To oznacza, \u017ce nie nagrywasz ciszy, co pozwala zaoszcz\u0119dzi\u0107 miejsce na karcie pami\u0119ci oraz u\u0142atwia p\u00f3\u017aniejsze ods\u0142uchanie nagra\u0144.<\/p>\n<h2><strong>PROSTY W OBS\u0141UDZE<\/strong><\/h2>\n<p><strong>Pods\u0142uch SpyHome Pro<\/strong> to produkt, kt\u00f3ry jest <strong>\u0142atwy w u\u017cyciu<\/strong>. Obs\u0142ugiwany przez aplikacj\u0119 na smartfona, kt\u00f3ra umo\u017cliwia zarz\u0105dzanie wszystkimi funkcjami, nagrywaniem oraz odtwarzaniem d\u017awi\u0119ku.<\/p>\n<h2><strong>PODSUMOWANIE<\/strong><\/h2>\n<p>Wybierz <strong>Pods\u0142uch Wi-Fi SpyHome Pro<\/strong> jako dyskretny spos\u00f3b na <strong>monitorowanie rozm\u00f3w<\/strong> w swoim otoczeniu. Dzi\u0119ki zaawansowanej technologii i prostocie obs\u0142ugi to idealne rozwi\u0105zanie dla tych, kt\u00f3rzy pragn\u0105 by\u0107 na bie\u017c\u0105co, a jednocze\u015bnie zachowa\u0107 dyskrecj\u0119.<\/p>\n","protected":false},"excerpt":{"rendered":"<p>Urz\u0105dzenie oferuje globalny zasi\u0119g i prac\u0119 non-stop. Posiada wbudowan\u0105 pami\u0119\u0107 32 GB oraz funkcj\u0119 zdalnego pods\u0142uchu przez WiFi.<\/p>\n","protected":false},"featured_media":2765,"comment_status":"open","ping_status":"closed","template":"","meta":[],"product_brand":[],"product_cat":[36],"product_tag":[],"class_list":{"0":"post-2597","1":"product","2":"type-product","3":"status-publish","4":"has-post-thumbnail","6":"product_cat-podsluchy","8":"first","9":"instock","10":"taxable","11":"shipping-taxable","12":"purchasable","13":"product-type-simple"},"_links":{"self":[{"href":"https:\/\/www.warmix-detektyw.pl\/sklep\/wp-json\/wp\/v2\/product\/2597","targetHints":{"allow":["GET"]}}],"collection":[{"href":"https:\/\/www.warmix-detektyw.pl\/sklep\/wp-json\/wp\/v2\/product"}],"about":[{"href":"https:\/\/www.warmix-detektyw.pl\/sklep\/wp-json\/wp\/v2\/types\/product"}],"replies":[{"embeddable":true,"href":"https:\/\/www.warmix-detektyw.pl\/sklep\/wp-json\/wp\/v2\/comments?post=2597"}],"wp:featuredmedia":[{"embeddable":true,"href":"https:\/\/www.warmix-detektyw.pl\/sklep\/wp-json\/wp\/v2\/media\/2765"}],"wp:attachment":[{"href":"https:\/\/www.warmix-detektyw.pl\/sklep\/wp-json\/wp\/v2\/media?parent=2597"}],"wp:term":[{"taxonomy":"product_brand","embeddable":true,"href":"https:\/\/www.warmix-detektyw.pl\/sklep\/wp-json\/wp\/v2\/product_brand?post=2597"},{"taxonomy":"product_cat","embeddable":true,"href":"https:\/\/www.warmix-detektyw.pl\/sklep\/wp-json\/wp\/v2\/product_cat?post=2597"},{"taxonomy":"product_tag","embeddable":true,"href":"https:\/\/www.warmix-detektyw.pl\/sklep\/wp-json\/wp\/v2\/product_tag?post=2597"}],"curies":[{"name":"wp","href":"https:\/\/api.w.org\/{rel}","templated":true}]}}