{"id":2728,"date":"2024-10-14T08:36:51","date_gmt":"2024-10-14T06:36:51","guid":{"rendered":"https:\/\/www.warmix-detektyw.pl\/sklep\/?post_type=product&#038;p=2728"},"modified":"2025-09-25T14:37:52","modified_gmt":"2025-09-25T12:37:52","slug":"lokalizator-gps-track-mv790","status":"publish","type":"product","link":"https:\/\/www.warmix-detektyw.pl\/sklep\/produkt\/lokalizator-gps-track-mv790\/","title":{"rendered":"Lokalizator GPS Track MV790"},"content":{"rendered":"<h2>Lokalizator GPS MV790 do Motoru, Samochodu z odci\u0119ciem paliwa + Funkcja Pods\u0142uchu (Mikrofon zewn\u0119trzny)<\/h2>\n<h2>LOKALIZUJ POZYCJ\u0118 TWOJEGO POJAZDU W DOWOLNEJ CHWILI<\/h2>\n<p>&#8212;&#8212;&#8212;&#8212;&#8212;&#8212;&#8212;&#8212;&#8212;&#8212;&#8212;&#8212;&#8212;&#8211;<\/p>\n<h3>GPS MV270 to urz\u0105dzenie, kt\u00f3re sprawdzi si\u0119 w ka\u017cdym samochodzie, motorze, skuterze, a nawet \u0142odzi. Wystarczy pod\u0142\u0105czy\u0107 je do zasilania pojazdu i w\u0142o\u017cy\u0107 kart\u0119 SIM. Dzia\u0142a ci\u0105gle, gdy pojazd jest w ruchu.<\/h3>\n<p>Wystarczy w\u0142o\u017cy\u0107 jedynie aktywn\u0105 kart\u0119 SIM (z \u015brodkami, bez kodu PIN) i lokalizator jest gotowy do pracy. Mo\u017cesz sprawdzi\u0107 lokalizacj\u0119 za pomoc\u0105 darmowej aplikacji lub na stronie internetowej.<\/p>\n<p>Sprawdzaj histori\u0119 poruszania, ustal geostref\u0119, czy zdalnie odetnij paliwo. To tylko niekt\u00f3re z opcji tego wszechstronnego urz\u0105dzenia.<\/p>\n<h2>NIEZWYKLE PROSTA OBS\u0141UGA, SPRAWD\u0179 JAKIE TO PROSTE<\/h2>\n<p>&#8212;&#8212;&#8212;&#8212;&#8212;&#8212;&#8212;&#8212;&#8212;&#8212;&#8212;&#8212;&#8212;&#8211;<\/p>\n<h2>PROSTY MONTA\u017b ORAZ UKRYCIE URZ\u0104DZENIA<\/h2>\n<p>&#8212;&#8212;&#8212;&#8212;&#8212;&#8212;&#8212;&#8212;&#8212;&#8212;&#8212;&#8212;&#8212;&#8211;<\/p>\n<h3>Lokalizator MV790 mo\u017cesz umie\u015bci\u0107 np. w skrzynce elektrycznej pojazdu osobowego, ci\u0119\u017carowego czy motorze. Jego instalacja mo\u017ce wymaga\u0107 ingerencji w przewody oraz lutowania, jednak mo\u017cna to wykona\u0107 samodzielnie, je\u017celi posiadasz odpowiedni sprz\u0119t oraz umiej\u0119tno\u015bci.<\/h3>\n<p>Zalecamy uda\u0107 si\u0119 do elektryka pojazdowego, aby mie\u0107 pewno\u015b\u0107 poprawnej instalacji.<\/p>\n<p>Niewielkie rozmiary urz\u0105dzenia u\u0142atwiaj\u0105 jego szybkie i bezpieczne ukrycie. Zewn\u0119trzny mikrofon mo\u017cna umie\u015bci\u0107 w kabinie pojazdu.<\/p>\n<p>W\u0142\u00f3\u017c kart\u0119 SIM i korzystaj z urz\u0105dzenia, \u0142atwo i bezproblemowo.<\/p>\n<p><strong>*Karta SIM nie jest elementem zestawu<\/strong><\/p>\n<h3>\u2713 Uniwersalne zastosowanie w pojazdach r\u00f3\u017cnego typu<\/h3>\n<h2>DARMOWY SERWER WWW ORAZ APLIKACJA NA TELEFON<\/h2>\n<p>&#8212;&#8212;&#8212;&#8212;&#8212;&#8212;&#8212;&#8212;&#8212;&#8212;&#8212;&#8212;&#8212;&#8211;<\/p>\n<h3>Lokalizator obs\u0142u\u017cysz \u0142atwo za pomoc\u0105 darmowej aplikacji mobilnej. Aplikacja dost\u0119pna jest w j\u0119zyku angielskim, jednak jest wyj\u0105tkowo prosta w obs\u0142udze. Urz\u0105dzenie jest gotowe do pracy.<\/h3>\n<p>Je\u015bli nie chcesz korzysta\u0107 z aplikacji ze wzgl\u0119d\u00f3w dyskrecji, mo\u017cesz \u015bledzi\u0107 po\u0142o\u017cenie przez darmow\u0105 stron\u0119 WWW w j\u0119zyku polskim, gdzie uzyskasz wszelkie najwa\u017cniejsze dane o lokalizacji oraz historii przemieszczania.<\/p>\n<p>Korzystanie z serwera jest ca\u0142kowicie darmowe po zakupie urz\u0105dzenia. GPS domy\u015blnie wysy\u0142a dane lokalizacji na serwer w odst\u0119pach czasowych (domy\u015blnie co 10-60 sekund).<\/p>\n<p>Dzi\u0119ki temu mo\u017cesz przegl\u0105da\u0107 histori\u0119 przemieszczania si\u0119 lokalizatora. U\u017cytkownik decyduje, kiedy lokalizator wysy\u0142a dane na serwer.<\/p>\n<p><strong>Dok\u0142adno\u015b\u0107 lokalizatora wynosi oko\u0142o 5-10 metr\u00f3w. Historia po\u0142o\u017cenia przechowywana jest do 6 miesi\u0119cy wstecz z mo\u017cliwo\u015bci\u0105 pobrania pliku z danymi.<\/strong><\/p>\n<h3>\u2713 Wygodna lokalizacja przez Aplikacj\u0119 lub Stron\u0119 WWW<\/h3>\n<h2>STA\u0141E ZASILANIE Z POJAZDU<\/h2>\n<p>&#8212;&#8212;&#8212;&#8212;&#8212;&#8212;&#8212;&#8212;&#8212;&#8212;&#8212;&#8212;&#8212;&#8211;<\/p>\n<h3>Lokalizator dzia\u0142a non stop, gdy otrzymuje pr\u0105d z zasilania pojazdu. Nie musisz martwi\u0107 si\u0119 o bateri\u0119 w urz\u0105dzeniu, poniewa\u017c zasilany jest zawsze, gdy pojazd jest uruchomiony lub w ruchu.<\/h3>\n<p>W modelu MV790 zastosowano ma\u0142\u0105 bateri\u0119 akumulatorow\u0105 150 mAh, kt\u00f3ra podtrzymuje zasilanie przez oko\u0142o 2-4 godziny po wy\u0142\u0105czeniu pojazdu.<\/p>\n<p>Sprz\u0119t dzia\u0142a w zakresie napi\u0119cia od 9 do 90 VDC.<\/p>\n<h3>\u2713 Bez konieczno\u015bci \u0142adowania, dzia\u0142a, gdy pojazd jest w ruchu<\/h3>\n<h2>FUNKCJA PODS\u0141UCHU PRZEZ MIKROFON ZEWN\u0118TRZNY &#8211; U\u017bYTKOWANIE GPS<\/h2>\n<p>&#8212;&#8212;&#8212;&#8212;&#8212;&#8212;&#8212;&#8212;&#8212;&#8212;&#8212;&#8212;&#8212;&#8211;<\/p>\n<h3>Lokalizator MV790 oferuje mo\u017cliwo\u015b\u0107 tworzenia geostref oraz ustawiania trybu pracy, a tak\u017ce sprawdzania historii przemieszczania oraz otrzymywania powiadomie\u0144 przez aplikacj\u0119.<\/h3>\n<p>Ciekaw\u0105 funkcj\u0105 jest mo\u017cliwo\u015b\u0107 pods\u0142uchu w czasie rzeczywistym przez zewn\u0119trzny mikrofon pod\u0142\u0105czony do urz\u0105dzenia, co pozwala na nas\u0142uch do oko\u0142o 1-3 m.<\/p>\n<p>Wszystkie opcje ustawie\u0144 s\u0105 dost\u0119pne przez darmow\u0105 aplikacj\u0119 na systemy iOS oraz Android. Instrukcja w j\u0119zyku polskim dostarczana jest drog\u0105 mailow\u0105.<\/p>\n<p>GPS sprawdzi si\u0119 idealnie w samochodach osobowych, dostawczych, tirach, a tak\u017ce w kamperach, motorach i skuterach.<\/p>\n<h3>\u2713 Wielofunkcyjne urz\u0105dzenie namierzaj\u0105ce z pods\u0142uchem<\/h3>\n<h2><\/h2>\n","protected":false},"excerpt":{"rendered":"<p>Lokalizator GPS do pojazdu z mikrofonem zewn\u0119trznym. Zasilany na sta\u0142e, kompatybilny z aplikacjami na iOS i Android. Prosta instalacja i \u0142atwa obs\u0142uga.<\/p>\n","protected":false},"featured_media":2859,"comment_status":"open","ping_status":"closed","template":"","meta":[],"product_brand":[],"product_cat":[38],"product_tag":[],"class_list":{"0":"post-2728","1":"product","2":"type-product","3":"status-publish","4":"has-post-thumbnail","6":"product_cat-lokalizatory","8":"first","9":"outofstock","10":"taxable","11":"shipping-taxable","12":"purchasable","13":"product-type-simple"},"_links":{"self":[{"href":"https:\/\/www.warmix-detektyw.pl\/sklep\/wp-json\/wp\/v2\/product\/2728","targetHints":{"allow":["GET"]}}],"collection":[{"href":"https:\/\/www.warmix-detektyw.pl\/sklep\/wp-json\/wp\/v2\/product"}],"about":[{"href":"https:\/\/www.warmix-detektyw.pl\/sklep\/wp-json\/wp\/v2\/types\/product"}],"replies":[{"embeddable":true,"href":"https:\/\/www.warmix-detektyw.pl\/sklep\/wp-json\/wp\/v2\/comments?post=2728"}],"wp:featuredmedia":[{"embeddable":true,"href":"https:\/\/www.warmix-detektyw.pl\/sklep\/wp-json\/wp\/v2\/media\/2859"}],"wp:attachment":[{"href":"https:\/\/www.warmix-detektyw.pl\/sklep\/wp-json\/wp\/v2\/media?parent=2728"}],"wp:term":[{"taxonomy":"product_brand","embeddable":true,"href":"https:\/\/www.warmix-detektyw.pl\/sklep\/wp-json\/wp\/v2\/product_brand?post=2728"},{"taxonomy":"product_cat","embeddable":true,"href":"https:\/\/www.warmix-detektyw.pl\/sklep\/wp-json\/wp\/v2\/product_cat?post=2728"},{"taxonomy":"product_tag","embeddable":true,"href":"https:\/\/www.warmix-detektyw.pl\/sklep\/wp-json\/wp\/v2\/product_tag?post=2728"}],"curies":[{"name":"wp","href":"https:\/\/api.w.org\/{rel}","templated":true}]}}